. Determine h(4).
6
Let a(q) be the first derivative of 2*q + q**2 + 8*q - 1 - q - 3*q. What is a(-4)?
-2
Suppose 2*v = 4*o - 5 - 7, 3*o + 5*v + 17 = 0. Let x(d) = 3*d - 4 - d**3 - o + 3*d + 3*d**2. Let r be x(4). Let k(z) = -z**2 + 4*z - 1. Determine k(r).
2
Let p(x) = 2*x - x + 3*x**2 + 0 + 1. Let j(m) = -m**3 - 4*m**2 - 5. Let b be j(-4). Let l be b/4 - (-3)/12. Give p(l).
3
Let k(g) = 3*g**3 + g**2 + g. Let v be k(-1). Let d be (-13)/v + (-4)/(-6). Let l = 4 - d. Let o(f) = 2*f**2 + f + 1. Give o(l).
2
Let r(q) = -q**3 + 5*q**2 - 4*q - 3. Suppose 0*w + w = 4. Calculate r(w).
-3
Suppose -2*n - 2 = -3*n. Let k(d) = -5*d**3 + d**2 - 2*d - 7. Let j(z) = -9*z**3 + 2*z**2 - 4*z - 13. Let v(a) = -6*j(a) + 11*k(a). Determine v(n).
-7
Let h(g) be the second derivative of g**5/20 - g**4/2 + g**3/6 - 3*g**2 - 5*g. Determine h(6).
0
Let c(o) = o**2 + 9*o - 10. Let a be c(-10). Let u(j) = -j + 1 + 2*j + a + 1. Suppose 4*p = -17 + 1. Give u(p).
-2
Let m = 25 + -29. Let l(j) = -j**3 - 4*j**2 - 2*j - 1. Give l(m).
7
Let s(j) be the third derivative of -j**8/20160 + j**7/1008 + j**6/240 + j**5/15 - 3*j**2. Let k(c) be the third derivative of s(c). Calculate k(4).
7
Let f(m) be the second derivative of -m**3/2 - 9*m**2/2 - 7*m. Determine f(-6).
9
Let f be 2/(-7) - 26/7. Let y(i) = -3*i + 2*i + 2 - 3*i + 3*i. Calculate y(f).
6
Let j(f) be the first derivative of -3*f + 1 + 3/2*f**2 + 2/3*f**3. What is j(-3)?
6
Let j = 4 + -2. Let i(t) = 1 + 2*t - 2 - 11*t**2 + 6*t**j. Determine i(1).
-4
Let w = -10 + 7. Let m(d) = -2*d + 4 + 3*d - 7*d + 8*d. Determine m(w).
-2
Let j(u) = u**2 + 10*u + 3. Let w(x) = 3*x**2 + 29*x + 9. Let t(h) = 11*j(h) - 4*w(h). Let v = -3 - 2. Give t(v).
2
Suppose -5*h = -0*h + 10. Let j(z) = -4*z + 4 - 4 + 2 - 5. Calculate j(h).
5
Let s(i) be the third derivative of -i**2 + 0*i + 2/3*i**3 - 1/24*i**4 + 0 + 1/60*i**5. What is s(3)?
10
Let h(s) = -3 + 11*s + 5*s + 4 - 6*s. Give h(-1).
-9
Let l be (1/2)/((-9)/(-36)). Let b(v) = v**2 + 8*v + 7. Let d be b(-7). Let j(o) = 0*o**l - o - o - 1 - 4*o**2 + d*o**2. Determine j(-1).
-3
Suppose 2*o + 1 = -3*h, 0 = 2*h + 6*o - 4*o. Let j(t) = 91*t - 3 - 96*t - 1 + 5. Determine j(h).
6
Let f be (19 - -1)/(-1*1). Let m be 1/(-4) + (-65)/f. Let w be (3/9 + 1)*m. Let u(s) = s**2 - s - 5. Calculate u(w).
7
Let s(b) = -b + 1. Let q(m) = -1. Let p(f) = q(f) - s(f). Suppose 0*w = x + 5*w + 18, -2*w - 6 = x. Suppose x*u = -2*u - 12. Calculate p(u).
-5
Let h(d) be the third derivative of 1/10*d**5 - 1/12*d**4 - 1/120*d**6 + 3/2*d**3 + 3*d**2 + 0*d + 0. Determine h(6).
-3
Let c(x) = -8*x**3 + 4*x - 4. Let w(o) = 15*o**3 - 7*o + 7. Let y(d) = 5*c(d) + 3*w(d). Give y(1).
5
Let p(i) = -i**3 - 4*i**2 + i. Suppose 10 = -5*u - 10. Calculate p(u).
-4
Let l(j) = j - 2 + 2. Let y(w) = 2*w + 24. Let o be y(0). Let d be 126/o - 2/8. What is l(d)?
5
Let x(l) be the first derivative of -l**5/30 + l**4/12 + l**3/3 + 4. Let g(n) be the third derivative of x(n). Suppose 3*s = -2*s + 10. Calculate g(s).
-6
Let u(k) = -2*k**2 + 3*k + 4. Let a(l) = 2*l**2 + 2*l - 1. Let f be a(1). Calculate u(f).
-5
Suppose 0 = -3*r - 12, -7*o + 2*o - 1 = 4*r. Let u(b) = -7*b**o + 0*b + 2*b**3 - b - 2*b**2. What is u(-1)?
4
Let l(q) be the second derivative of q**5/20 + q**4/2 + 4*q**3/3 + 7*q**2/2 - 3*q. Let b = 8 - 8. Suppose 2*r + 0*r - 4*x - 6 = b, -3*r - 2*x = 23. Give l(r).
-8
Let z(q) = -q**3 + 3*q**2 + 3*q - 2. Suppose 5*l = 2*l + 15. Let s = l - 2. What is z(s)?
7
Suppose -3 = -5*q + 7. Let f(i) = -i + 0 + 6 - q. Let y be f(5). Let u(w) = 6*w**3 + w + 1. What is u(y)?
-6
Let x(w) be the first derivative of 3*w**4/2 + 5*w**3/3 - 2*w**2 + 10*w - 4. Let q(o) = o**3 + o**2 - o + 1. Let h(i) = -5*q(i) + x(i). Calculate h(0).
5
Let a(b) be the first derivative of b**7/840 - b**6/90 - b**5/120 + 4*b**3/3 + 2. Let i(f) be the third derivative of a(f). Calculate i(4).
-4
Let k(d) = d**3 + 5*d**2 + 3*d + 5. Let p be (-6)/14 + (-100)/28. Calculate k(p).
9
Let m(y) = -3*y + 6 + 8*y + 0*y**2 + y**2. Let q(r) = -r**3 - 6*r**2 - 3*r + 6. Let d be q(-5). Give m(d).
2
Let x = -4 - -3. Let y(z) be the first derivative of -2*z**5/15 - 3*z**2 - 5. Let q(g) be the second derivative of y(g). Determine q(x).
-8
Let m(u) be the first derivative of -u**4/4 + 7*u**3/3 + u**2/2 + 7*u + 33. What is m(7)?
14
Suppose 15 = 18*l - 13*l. Let o be (l - -1 - 3) + 2. Let w(n) = -n. Let a(c) = -4*c - 2. Let j(f) = a(f) - 5*w(f). Give j(o).
1
Let x(o) = -o - 3 + 3*o - o. Suppose -17 = -5*u - 42. Calculate x(u).
-8
Let j(x) = x**3 + x**2 - x - 7. Suppose -2*h - 2 = 2*n, 2*n = -2*h + 7*h - 2. Determine j(h).
-7
Let j(p) = -p**3 - 6*p**2 - 5*p + 4. Suppose 2*m = 4*m. Suppose -2*z = -m*z + 10. What is j(z)?
4
Let q(k) = -k + 1. Let g be q(0). Let r(z) = -z - 5 - 3 - g + 2*z. Give r(5).
-4
Suppose 9*k - 5*k - 12 = 0. Let x(c) = -c**2 - 1 + 4*c + 1 - 3. Calculate x(k).
0
Let y(l) = -9 - 4*l + 6*l + 2 + 1. Let g(f) = -f + 3. Let a(c) = -9*g(c) - 4*y(c). What is a(6)?
3
Suppose -10*b = 5*b - 135. Let p(d) = 3*d - 9. Determine p(b).
18
Let l(r) = -r**3 + 4*r**2 - r - 1. Let u(i) = -i - 17. Let f be u(-20). Calculate l(f).
5
Let i(r) = -r - 2 + r + 2*r. Give i(4).
6
Let h = -8 - -2. Let q = -130 - -124. Let g = h - q. Let d(o) = -o**2 - o + 2. Calculate d(g).
2
Let o(z) = -5*z + 2*z**2 + 1 + 3*z - 5*z**2. Calculate o(1).
-4
Suppose 3 = q + 9. Let p(f) = -f**3 - 7*f**2 - 8*f + 5. What is p(q)?
17
Let p(w) = -w. Let u(g) = 3*g - 2. Let k(v) = 2*p(v) + u(v). What is k(2)?
0
Let j(f) be the third derivative of f**6/30 - f**5/60 - f**4/24 - f**3/6 - 9*f**2. Calculate j(-1).
-5
Suppose 3*v + 3*b - 9 = 0, 10*v - 5*v - 4*b = 33. Let i(o) = o + 1. Let f(p) = 3*p - 6. Let j(x) = -f(x) - i(x). Determine j(v).
-15
Let b(q) = -q - 1. Let a(g) = -15*g**2 + 2*g + 5. Let f(h) = a(h) + 4*b(h). What is f(1)?
-16
Let q be 7/(-2)*(0 + 2). Let z(j) = j**3 + 7*j**2 + j + 10. Determine z(q).
3
Let n(b) = b**2 + b - 9. Suppose -2*p + 0*t - 10 = -5*t, 2 = t. Give n(p).
-9
Let n(a) be the first derivative of a**4/2 + a**2/2 + 6. Calculate n(1).
3
Let h = -47 - -49. Let t = 4 + 3. Let m(d) = 2*d**3 + 3*d**2 + 4*d - 4. Let u(r) = -r**3 - 2*r**2 - 2*r + 2. Let j(w) = t*u(w) + 4*m(w). Give j(h).
2
Let u(h) = 2*h**2 + 3*h + 1. Let k(q) = 7*q**2 + 8*q + 3. Let z(b) = -4*k(b) + 11*u(b). Let m(s) = s**2 - 8*s + 1. Let j be m(8). Give z(j).
-6
Let v(p) be the second derivative of -p**6/720 - p**5/120 - p**4/3 + 6*p. Let m(c) be the third derivative of v(c). What is m(2)?
-3
Suppose 15 = -5*v - 5*m + 70, 5*m = 3*v + 7. Let t(g) = 2*g + g - 4*g + 0*g + v. Give t(0).
6
Let n(y) be the third derivative of -y**4/4 + y**3/6 - 6*y**2. Give n(-1).
7
Let r(u) = u**2 + 5*u - 1. Let m = 105 - 111. Calculate r(m).
5
Let a(x) = -x**3 - 5*x**2 + 7*x + 7. Let s be a(-6). Suppose 9 = 3*n - 0. Let l(v) = 5 - 2*v + n + 3*v - s. What is l(-3)?
4
Let i(k) = 0*k + 421 + k - 424. Calculate i(10).
7
Let f(p) = 2*p**3 - p**2 - 13*p - 5. Let h(u) = -u**3 + 6*u + 2. Let i(q) = -3*f(q) - 7*h(q). Calculate i(-3).
10
Let u(z) = z + 3. Let g = 34 - 38. Determine u(g).
-1
Let r be 34/6 - 2/(-6). Suppose m + 30 = r*m. Let f(s) = s - 5. Determine f(m).
1
Let g = -37 - -33. Let x(b) = b**3 + 4*b**2 - 2*b - 2. Calculate x(g).
6
Let b be (-2)/(-10) + 21/(-5). Let t(p) be the first derivative of p**2/2 + 5*p + 6. What is t(b)?
1
Let a(z) = z**3 + z. Let g(o) = 3*o**3 - 5*o**2 + 10*o - 6. Let f(w) = -4*a(w) + g(w). Calculate f(-6).
-6
Let l(z) be the first derivative of 2*z**3/3 + z**2/2 + 1. Let j(k) = -2*k + 3. Let b be j(1). Suppose 0 = 3*o + 4 - b. Calculate l(o).
1
Let m(r) = -r**2 + 3*r + 6. Let c(o) = 6*o**2 - 16*o - 30. Let l(t) = 2*c(t) + 11*m(t). Give l(0).
6
Let w(a) = -7*a + 2*a**3 - 3*a**3 + 7*a**2 + 1 + 2*a**3 - 4. What is w(-8)?
-11
Let m be (-72)/14*(-14)/3. Let i be (m/10)/4*5. Let q(o) = -5 - o + 3*o**2 + 3 + o**i - 4*o + 0*o. Determine q(-4).
2
Let o(x) be the third derivative of -x**4/24 - x**3/6 - 7*x**2. Determine o(-1).
0
Suppose 5*b = -6 - 9. Let r(l) = -l**3 + 2*l + 1. Determine r(b).
22
Let w(f) be the second derivative of -f**5/60 + f**4/6 - 5*f**3/6 - 3*f**2/2 + f. Let i(v) be the first derivative of w(v). Calculate i(4).
-5
Suppose -10 = 2*d - 4*d. Suppose 9 = d*a - 5*f - 16, -11 = -4*a + f. Suppose -b = a*b - 6. Let l(t) = -